
{"id":13,"date":"2021-02-10T13:09:53","date_gmt":"2021-02-10T13:09:53","guid":{"rendered":"https:\/\/admrp.com.br\/portal\/?page_id=13"},"modified":"2021-06-22T14:16:11","modified_gmt":"2021-06-22T14:16:11","slug":"o-ministerio","status":"publish","type":"page","link":"https:\/\/admrp.com.br\/portal\/o-ministerio\/","title":{"rendered":"O Minist\u00e9rio"},"content":{"rendered":"[vc_row type=&#8221;full_width_background&#8221; full_screen_row_position=&#8221;middle&#8221; equal_height=&#8221;yes&#8221; content_placement=&#8221;top&#8221; scene_position=&#8221;center&#8221; text_color=&#8221;dark&#8221; text_align=&#8221;left&#8221; top_padding=&#8221;50&#8243; bottom_padding=&#8221;50&#8243; overlay_strength=&#8221;0.3&#8243; shape_divider_position=&#8221;bottom&#8221; shape_type=&#8221;&#8221;][vc_column column_padding=&#8221;padding-2-percent&#8221; column_padding_position=&#8221;all&#8221; background_color_opacity=&#8221;1&#8243; background_hover_color_opacity=&#8221;1&#8243; column_shadow=&#8221;small_depth&#8221; column_border_radius=&#8221;none&#8221; width=&#8221;1\/3&#8243; tablet_text_alignment=&#8221;default&#8221; phone_text_alignment=&#8221;default&#8221; column_border_width=&#8221;none&#8221; column_border_style=&#8221;solid&#8221;][vc_column_text]\n<h2>Assembleia de Deus Minist\u00e9rio de Ribeir\u00e3o Preto<\/h2>\n<p><strong>Presidente:<\/strong> Pastor Noel Jo\u00e3o Bezerra.<br \/>\n<strong>Sede:<\/strong> no bairro Ipiranga em Ribeir\u00e3o Preto.<br \/>\n<strong>Congrega\u00e7\u00f5es:<\/strong> v\u00e1rias congrega\u00e7\u00f5es espalhadas para facilitar o acesso de seus membros, obreiros e convidados.<\/p>\n<h2><strong>A.D.M.R.P.<\/strong><\/h2>\n<p>Um minist\u00e9rio que insisti e persiste no ensino b\u00edblico e que se esfor\u00e7a para ser a igreja da b\u00edblia.[\/vc_column_text][\/vc_column][vc_column column_padding=&#8221;padding-2-percent&#8221; column_padding_position=&#8221;all&#8221; background_color_opacity=&#8221;1&#8243; background_hover_color_opacity=&#8221;1&#8243; column_shadow=&#8221;small_depth&#8221; column_border_radius=&#8221;none&#8221; width=&#8221;2\/3&#8243; tablet_text_alignment=&#8221;default&#8221; phone_text_alignment=&#8221;default&#8221; column_border_width=&#8221;none&#8221; column_border_style=&#8221;solid&#8221;][vc_column_text]\n<h2>ADMRP<\/h2>\n<blockquote><p>A Assembleia de Deus Minist\u00e9rio Ribeir\u00e3o Preto come\u00e7ou em uma garagem<\/p><\/blockquote>\n<p>No ano de 1994 atrav\u00e9s da vida do Pastor Noel Jo\u00e3o Bezerra, que movido pelo Esp\u00edrito Santo de Deus, deu in\u00ed\u00adcio a um pequeno ponto de prega\u00e7\u00e3o, com um pequeno grupo de pessoas e hoje conta com mais de 700 pessoas e algumas congrega\u00e7\u00f5es.<\/p>\n<blockquote><p>&#8220;A Sede da ADMRP \u00e9 uma maravilha, Deus nos deu o melhor com certeza. Temos bastante espa\u00e7o para acomodar as pessoas com conforto, estacionamento pr\u00f3prio, cozinha industrial com amplo refeit\u00f3rio, sala de aula equipada, tanque batismal e muito mais. Somos muito agradecidos a Deus. Podemos dizer que temos espa\u00e7o para fazer tudo aqui sem precisar sair de casa!&#8221; An\u00f4nimo.<\/p><\/blockquote>\n[\/vc_column_text][\/vc_column][\/vc_row][vc_row type=&#8221;full_width_background&#8221; full_screen_row_position=&#8221;middle&#8221; equal_height=&#8221;yes&#8221; content_placement=&#8221;middle&#8221; scene_position=&#8221;center&#8221; text_color=&#8221;dark&#8221; text_align=&#8221;left&#8221; top_padding=&#8221;50&#8243; bottom_padding=&#8221;50&#8243; overlay_strength=&#8221;0.3&#8243; shape_divider_position=&#8221;bottom&#8221; shape_type=&#8221;&#8221;][vc_column column_padding=&#8221;no-extra-padding&#8221; column_padding_position=&#8221;all&#8221; background_color_opacity=&#8221;1&#8243; background_hover_color_opacity=&#8221;1&#8243; column_shadow=&#8221;none&#8221; column_border_radius=&#8221;none&#8221; width=&#8221;1\/1&#8243; tablet_text_alignment=&#8221;default&#8221; phone_text_alignment=&#8221;default&#8221; column_border_width=&#8221;none&#8221; column_border_style=&#8221;solid&#8221;][vc_column_text]\n<div id=\"attachment_77\" style=\"width: 342px\" class=\"wp-caption alignright\"><img loading=\"lazy\" decoding=\"async\" aria-describedby=\"caption-attachment-77\" class=\"wp-image-77 size-full\" src=\"https:\/\/admrp.com.br\/portal\/wp-content\/uploads\/2021\/06\/pr-noel.jpg\" alt=\"\" width=\"332\" height=\"490\" srcset=\"https:\/\/admrp.com.br\/portal\/wp-content\/uploads\/2021\/06\/pr-noel.jpg 332w, https:\/\/admrp.com.br\/portal\/wp-content\/uploads\/2021\/06\/pr-noel-203x300.jpg 203w\" sizes=\"auto, (max-width: 332px) 100vw, 332px\" \/><p id=\"caption-attachment-77\" class=\"wp-caption-text\">Pr Noel Bezerra<\/p><\/div>\n<h2>Testemunho de Convers\u00e3o<\/h2>\n<p>Nascido no estado de Pernambuco, Noel Jo\u00e3o Bezerra, teve sua experiencia espiritual iniciada em 29 de junho 1983 na cidade de S\u00e3o Paulo, quando em uma das suas idas ao trabalho, ouviu a voz de Deus lhe direcionando a ir por ruas que lhe colocaram em frente a uma igreja, onde um pastor lhe deu um folheto e o convenceu a entrar e participar do culto, e na hora da prega\u00e7\u00e3o a palavra foi impactante lhe descobrindo toda sua mis\u00e9ria, e envolto em l\u00e1grimas se entregou a Jesus dizendo aos irm\u00e3os: &#8220;Se o que esse pastor falou estiver na B\u00edblia, eu vou ser crente&#8221;. Sentindo outra pessoa, chega em casa alegre e mais leve sem o fardo do pecado que fora deixado na cruz; E como sempre chegava em casa b\u00eabado, situa\u00e7\u00e3o que causava frequentes disc\u00f3rdias, brigas etc, sua esposa estranha sua atitude serena e tranquila e logo percebe que houve uma &#8220;estranha mudan\u00e7a&#8221;, ent\u00e3o, ele pergunta a ela: vamos a uma igreja evang\u00e9lica e nos converter?; para sua surpresa ela lhe responde: Sim, pois ser\u00e1 a solu\u00e7\u00e3o pra essas desaven\u00e7as conjugais.<\/p>\n<h2><strong>P\u00f3s Convers\u00e3o!<\/strong><\/h2>\n<p><strong>Dificuldades<\/strong><\/p>\n<p>Devido a essa decis\u00e3o enfrentou hostilidades no emprego, foi incompreendido pelos companheiros, mas, reteve firme sua convic\u00e7\u00e3o de f\u00e9, passou problemas financeiros, foi onde lembrou dos ensinamentos sobre d\u00edzimos e ofertas e as b\u00ean\u00e7\u00e3os decorrentes da fidelidade.<br \/>\nFirme na f\u00e9 e a fidelidade de Deus<br \/>\nFoi nessa \u00e9poca que conheceu um homem que o convidou para uma sociedade numa cidade at\u00e9 ent\u00e3o desconhecida, Ribeir\u00e3o Preto, e em maio de 1985 chega nessa cidade, onde procuraram sal\u00f5es para alugar para estabelecer essa empresa. Na sua segunda viagem a Deus lhe disse que o aben\u00e7oaria espiritual e materialmente. Estabeleceu seu comercio que prosperou muito como Deus lhe prometera;<\/p>\n<p><strong>Ministerial!<\/strong><\/p>\n<p>Na cidade de S\u00e3o Paulo congregava na &#8220;Igreja Maranata&#8221;, e como em Ribeir\u00e3o Preto n\u00e3o existia extens\u00e3o dessa denomina\u00e7\u00e3o, foi com sua fam\u00edlia congregar na igreja assembleia de Deus minist\u00e9rio do Bel\u00e9m presidida pelo pastor Ant\u00f4nio Santana, onde atuou como cooperador, professor da escola dominical, l\u00edder de mocidade, dirigente de ponto de prega\u00e7\u00e3o e assim sua hist\u00f3ria como obreiro da seara do mestre foi sendo consolidada com bom testemunho, humildade, seriedade; separado para o diaconato, continuou ganhando almas para Cristo, e recebeu muitas mensagens de Deus que a obra em sua vida era maior do que ele passava, nesse interim, foi separado para o presbit\u00e9rio da igreja e a congrega\u00e7\u00e3o crescia cada dia mais, ent\u00e3o, foi chamado pelo minist\u00e9rio da igreja para assumir um trabalho no bairro perif\u00e9rico do parque Ribeir\u00e3o preto, era uma ed\u00edcula no fundo de um terreno onde congregavam 18 pessoas e com um ano j\u00e1 contava com mais de 50 irm\u00e3os glorificando a Deus e logo a diretoria da igreja teve como prioridade a constru\u00e7\u00e3o de um templo para acomodar os novos irm\u00e3os. Da inaugura\u00e7\u00e3o at\u00e9 sua sa\u00edda a congrega\u00e7\u00e3o j\u00e1 contava com aproximadamente 270 irm\u00e3os congregando felizes.<\/p>\n<p><strong>A Chamada \u00e9 muito forte.<\/strong><\/p>\n<p><strong>Declara\u00e7\u00e3o<\/strong><\/p>\n<p>Enquanto tocava a obra sentia um toque muito forte de Deus para miss\u00e3o, sem saber a principio a grande responsabilidade que viria sobre mim.<\/p>\n<p><strong>Promessa<\/strong><\/p>\n<p>Em um dos grandes congressos da regi\u00e3o, Deus usa um irm\u00e3o para mais uma vez ratificar as promessas para o pastor Noel sobre a grande obra em sua vida.<br \/>\nCoragem<br \/>\nNesse \u00ednterim, o pastor presidente o remaneja para outra congrega\u00e7\u00e3o, tamb\u00e9m muito carente e mais uma vez o Senhor prosperou a obra em sua m\u00e3o, foi, ent\u00e3o que mesmo gozando do respeito do pastor Ant\u00f4nio Santana e tamb\u00e9m do minist\u00e9rio toma a decis\u00e3o de pedir respeitosamente seu desligamento do nobre minist\u00e9rio da Assembleia de Deus minist\u00e9rio Bel\u00e9m sob a presid\u00eancia do Pastor Ant\u00f4nio Silva Santana e a partir da\u00ed nasce a ASSEMBLEIA DE DEUS MINIST\u00c9RIO DE RIBEIR\u00c3O PRETO que come\u00e7ou em uma garagem no ano de 1994, passou posteriormente a um sal\u00e3o alugado.<\/p>\n<p><strong>Agora <\/strong><\/p>\n<p>E hoje conta com uma sede pr\u00f3pria para 700 pessoas e congrega\u00e7\u00f5es em alguns bairros de Ribeir\u00e3o Preto e uma em Mococa.<\/p>\n<p><strong><em>At\u00e9 aqui nos ajudou o Senhor!!! Em quem cremos.<\/em><\/strong>[\/vc_column_text][\/vc_column][\/vc_row]\n","protected":false},"excerpt":{"rendered":"<p>[vc_row type=&#8221;full_width_background&#8221; full_screen_row_position=&#8221;middle&#8221; equal_height=&#8221;yes&#8221; content_placement=&#8221;top&#8221; scene_position=&#8221;center&#8221; text_color=&#8221;dark&#8221; text_align=&#8221;left&#8221; top_padding=&#8221;50&#8243; bottom_padding=&#8221;50&#8243; overlay_strength=&#8221;0.3&#8243; shape_divider_position=&#8221;bottom&#8221; shape_type=&#8221;&#8221;][vc_column column_padding=&#8221;padding-2-percent&#8221; column_padding_position=&#8221;all&#8221; background_color_opacity=&#8221;1&#8243; background_hover_color_opacity=&#8221;1&#8243; column_shadow=&#8221;small_depth&#8221; column_border_radius=&#8221;none&#8221; width=&#8221;1\/3&#8243; tablet_text_alignment=&#8221;default&#8221; phone_text_alignment=&#8221;default&#8221; column_border_width=&#8221;none&#8221; column_border_style=&#8221;solid&#8221;][vc_column_text] Assembleia de Deus Minist\u00e9rio de Ribeir\u00e3o&#8230;<\/p>\n","protected":false},"author":1,"featured_media":0,"parent":0,"menu_order":0,"comment_status":"closed","ping_status":"closed","template":"","meta":{"footnotes":""},"class_list":["post-13","page","type-page","status-publish","hentry"],"_links":{"self":[{"href":"https:\/\/admrp.com.br\/portal\/wp-json\/wp\/v2\/pages\/13","targetHints":{"allow":["GET"]}}],"collection":[{"href":"https:\/\/admrp.com.br\/portal\/wp-json\/wp\/v2\/pages"}],"about":[{"href":"https:\/\/admrp.com.br\/portal\/wp-json\/wp\/v2\/types\/page"}],"author":[{"embeddable":true,"href":"https:\/\/admrp.com.br\/portal\/wp-json\/wp\/v2\/users\/1"}],"replies":[{"embeddable":true,"href":"https:\/\/admrp.com.br\/portal\/wp-json\/wp\/v2\/comments?post=13"}],"version-history":[{"count":4,"href":"https:\/\/admrp.com.br\/portal\/wp-json\/wp\/v2\/pages\/13\/revisions"}],"predecessor-version":[{"id":79,"href":"https:\/\/admrp.com.br\/portal\/wp-json\/wp\/v2\/pages\/13\/revisions\/79"}],"wp:attachment":[{"href":"https:\/\/admrp.com.br\/portal\/wp-json\/wp\/v2\/media?parent=13"}],"curies":[{"name":"wp","href":"https:\/\/api.w.org\/{rel}","templated":true}]}}